(v). Calculate k(-4).
-4
Let o(r) = -2*r**2 + 5*r - 5. Let c(f) = f**2 - 2*f + 2. Let k(d) = -5*c(d) - 2*o(d). Let v(n) = -n**2 - 5*n - 6. Let b be v(-4). What is k(b)?
-4
Let t(v) be the third derivative of v**5/20 - v**4/24 + v**3/6 + 15*v**2. What is t(1)?
3
Let o(c) = c**3 - 6*c**2 + 2. Let b be (-5)/((-40)/12)*-2. Let a be (b - -7)/(-2)*-3. What is o(a)?
2
Let h(l) = -l**3 - 6*l**2 - l + 2. Let k be h(-6). Let x be (10/(-15))/((-4)/18). Let p(a) = x*a + 2*a + k*a**2 - 4*a**2 - a**3. Give p(5).
0
Let z(c) = -216 + 432 - 224 - c. Determine z(-6).
-2
Suppose -4*l = -0 - 8. Let v(r) = 3 - r - r + 5*r - l*r. Let w(b) = -4. Let n(h) = -3*v(h) - 2*w(h). Give n(-2).
5
Let i(b) = -b**2 + 2*b**2 + 11*b**3 + 1 - 3*b**3 - b - 7*b**3. Calculate i(2).
11
Let j(s) = -s**3 - 3*s**2 + 5*s - 1. Let o(u) be the third derivative of u**6/120 + u**5/15 - u**4/4 + 2*u**2. Let w(p) = -5*j(p) - 4*o(p). Give w(0).
5
Let l(n) = -n**2 - n. Suppose 2*u = -f - 3, -4*u + 4*f + 12 = -2*u. Suppose c + u = -1. What is l(c)?
0
Let d(p) = p**3 - 4*p**2. Let u(a) = 0 + 3*a - a**2 + 6*a - 5. Let l(h) = h**3 - 12*h**2 + 2*h - 16. Let n be l(12). Let t be u(n). Give d(t).
-9
Suppose 2*v - 4*v = u - 9, 4*v = -u + 21. Let a(p) be the first derivative of -p**4/4 + 7*p**3/3 - 7*p**2/2 + 7*p + 2. Give a(v).
1
Let x(m) be the second derivative of m**3/2 - 6*m. Suppose -3*n = 12 - 0. What is x(n)?
-12
Suppose -11 = 5*j + 9. Let n be 2/j*(-4 - -4). Let o(f) = -f**2 + 6. Give o(n).
6
Let l(k) = k**2 - 1. Let a be l(1). Let i(m) = a*m + 6*m**3 - 6*m**2 - 4 - 5*m**3 + m. Give i(6).
2
Let m(a) = a**2 - 3*a - 4. Let o(j) = -j**3 + 10*j**2 - j + 10. Let i be o(10). Suppose i = 5*w - 2*w. Let r = 3 - w. Calculate m(r).
-4
Let k(m) = -m**3 - 4*m**2 - 3*m + 1. Let d(c) = -9*c**2 - c + 2. Let i be d(1). Let a be 2/(4/i*1). What is k(a)?
13
Let t(n) = -n**2 + n + 6. Let w be t(3). Let x be -1 + (w - (1 + 2)). Let s(o) = -o**2 - 4*o + 5. Determine s(x).
5
Let m(u) = -3*u**3 - 23*u**2 - 17*u - 17. Let d(f) = -f**3 - 8*f**2 - 6*f - 6. Let t(i) = 11*d(i) - 4*m(i). Let h be (-2)/(-5) - (-22)/(-5). What is t(h)?
-6
Let u(g) = 2*g**2 - 6 + 0*g**2 + 5*g + 2. What is u(-4)?
8
Let o(g) = 4*g**2 - 9*g + 8. Let b(y) = -5*y**2 + 10*y - 9. Let l(j) = 5*b(j) + 6*o(j). What is l(2)?
-9
Let a(v) = v + 2. Suppose s - 1 = -5. Give a(s).
-2
Let f(g) = 6*g**3 + 11*g**2 + 2*g + 3. Let z(h) = -h**3 - h**2 - h - 1. Let i(j) = -f(j) - 5*z(j). Give i(-6).
-16
Let m = -9 + 11. Let z(v) = 2*v - 2 - v + 8 - m. Let f = -4 + 4. Calculate z(f).
4
Let q(j) = -j**2 + 8*j + 10. Let l be q(9). Let n(g) = 5*g**2 + g. Calculate n(l).
6
Let r(u) = u**3 + 3*u**2. Let a be r(-3). Let q(y) = a + 5 + 0*y**3 + y**3 + 2*y**2 - y**2. Determine q(0).
5
Let m(c) = c + 8. Let g = -16 + 21. Suppose -g*a + 10 = 0, -3*i - 2*a - 8 - 6 = 0. What is m(i)?
2
Let i(b) = -3*b**2 + 2*b + 2. Let j = 18 - 12. Let p be (-4)/j*(-3)/1. What is i(p)?
-6
Let u(v) = -v + 7. Suppose 3*k - 15 = -0*k. Let o be u(k). Suppose o*i + 6 = -6. Let w(g) = -g - 12. What is w(i)?
-6
Let b(m) = m + 14. Let a be b(-8). Let j(t) = t**3 - 5*t**2 - 6*t - 3. What is j(a)?
-3
Let q be ((-6)/3 - -4) + (-1 - -3). Let m(a) be the second derivative of -2/3*a**3 - 1/4*a**4 + a + 1/20*a**5 + 5/2*a**2 + 0. What is m(q)?
5
Let y(c) = 1 - 2*c + 13 - 19. Determine y(5).
-15
Suppose 0 = 2*p + 3*p - 15. Let c(l) be the third derivative of 1/6*l**3 + 1/24*l**4 + 0*l - 1/60*l**5 + 0 - l**2. Determine c(p).
-5
Let j be -1*10*(-3)/5. Let t(a) = -3*a + 5. What is t(j)?
-13
Let u(k) = -2*k**2 - 6*k + 3. Let m(s) = -s**2 - s. Let v(g) = -3*m(g) + u(g). Give v(4).
7
Let y(t) = -3*t**3 + 0*t**2 + 4*t - t**2 + 1 + 2*t**3. Give y(-3).
7
Suppose -7 - 9 = -4*n. Let r(m) be the first derivative of -5/3*m**3 + 2*m + 1/4*m**n + 3 + m**2. What is r(5)?
12
Let i(b) be the first derivative of b**2/2 + b + 1. Suppose 0 = -11*n + 4*n + 35. Give i(n).
6
Let w(r) be the first derivative of r**4/12 - r**3/3 + r**2/2 - r - 5. Let c(b) be the first derivative of w(b). Determine c(2).
1
Let k(x) = x. Let f(b) = 4*b. Let c(u) = -3*f(u) + 8*k(u). Give c(1).
-4
Let f(d) = -4*d + 2*d + d - 1. Let u be f(-2). Let s(v) = 7*v**2 + v - 1. Determine s(u).
7
Let o(h) be the third derivative of -h**2 + 1/30*h**5 + 1/30*h**6 + 0*h**4 + 0*h + 0 - 1/6*h**3. What is o(1)?
5
Let i(c) = -c + 14. Let v be i(11). Let t(m) = 2*m**3 + 5*m**2 - 6*m + 9. Let s(p) = -p**3 - 5*p**2 + 6*p - 8. Let h(x) = v*s(x) + 2*t(x). Calculate h(4).
2
Let v(o) = 5*o**2 + 11*o + 7. Let r(g) = 3*g**2 + 7*g + 5. Let l(p) = -8*r(p) + 5*v(p). What is l(4)?
7
Suppose 3*f + 2*f = 70. Let s = f + -9. Let l(m) be the first derivative of -m**2/2 - 1. Give l(s).
-5
Let x = -17 - -6. Let l(j) = -7*j + 9. Let f(g) = 4*g - 5. Let m(y) = x*f(y) - 6*l(y). What is m(4)?
-7
Suppose -g - 13 = 5*q - 0*q, 0 = 3*g - 3*q - 15. Let k(u) = -2 + 0 + 0*u - g*u. Suppose -6 = 3*v, -5*f - 2*v - 2*v = 18. Calculate k(f).
2
Let g(r) = 4*r**3 - 8*r**2 + 8*r + 7. Let d(w) = -3*w**3 + 5*w**2 - 5*w - 5. Let y(z) = -7*d(z) - 5*g(z). Calculate y(-6).
-6
Let a(t) = t**2 - 5*t**3 - 1 + 4*t**2 - 4*t**2 - t. Let r(x) = -8*x**2 - 3 - x - 1 - x**3 + 5*x**2. Let f be r(-3). Calculate a(f).
6
Let a(q) = 2*q + 15. Let t = 0 - 10. Let v be a(t). Let m be (-13)/v - (-8)/20. Let n(l) = l**2 - 2*l + 2. Calculate n(m).
5
Let x(r) = 2*r**2 - 3*r - 3*r**2 + 8*r + 1 - 4. Give x(6).
-9
Let a(r) = 7*r - 8. Let x(q) = -13*q + 15. Let t(v) = -11*a(v) - 6*x(v). Determine t(5).
3
Let i(d) = d**3 + 6*d**2 + 4*d + 7. Let p(c) = -c**2 - 4*c + 7. Let k be p(-6). Determine i(k).
12
Suppose 0 = 2*i - 8 - 0. Let c(f) = f**2 - 5*f + 4. What is c(i)?
0
Let y(j) = j**3 + j**2 + j + 1. Let b(f) = f - 2. Let k be b(2). Suppose 3*a - 63 = -h, 3*a = 2*h - k*h + 54. Let t be 22/(-10) - (-4)/a. Give y(t).
-5
Let t(d) be the third derivative of -d**6/120 - d**5/15 + d**4/12 + d**3/3 + 2*d**2. Let a(x) = -2*x**3 + 4*x**2 - 3*x + 2. Let u be a(2). Determine t(u).
-6
Suppose 0 = -2*b - 0 + 6. Let i(k) = -4 + 0*k**2 - 4*k**2 + k**3 + 0*k**b. Give i(3).
-13
Suppose 0 = 2*a - 2, -3*a + 4*a = -5*t - 29. Let k(o) = -o - 7. Give k(t).
-1
Let f(m) be the first derivative of -m**2/2 - m + 1. Suppose -2 = 2*x - 6. Let w be x/4 - 9/(-2). Determine f(w).
-6
Let u(j) = 16*j**3 - 17*j**3 + 4*j**2 + j**2 + 0 - 3. Calculate u(5).
-3
Suppose -3*j + 3 - 15 = 0. Let c(n) = n**3 + 3*n**2 - 7*n - 5. Determine c(j).
7
Let j(y) = -y. Let v(b) = b. Let h(d) be the first derivative of d**2/2 + d - 2. Let u(m) = h(m) - 4*v(m). Let z(c) = -17*j(c) + 6*u(c). Determine z(5).
1
Let z = 11 - 11. Suppose z = x + 2*x + 9. Let c(f) = -f**2 + 4*f - 10. Let m(p) = p**2 - 3*p + 9. Let l(d) = 6*c(d) + 7*m(d). What is l(x)?
3
Let q(f) be the second derivative of -f**4/4 - f**3/6 + f**2 + 4*f. Determine q(-2).
-8
Suppose -2*l - w = 0, -4*l - l - 6 = 4*w. Let f(a) = -6 + 7*a + 6 - l. Give f(2).
12
Let c(w) = -6*w**3 + 2*w**2 + 13*w - 2. Let v(s) = -3*s**3 + s**2 + 6*s - 1. Let l(p) = -6*c(p) + 13*v(p). Let b = 1 - 2. Calculate l(b).
3
Suppose 3*v = v + 54. Let p = -4 - -1. Let q be 3/(v/(-3))*p. Let l(w) = 12*w**3 - 2*w**2 + 2*w - 1. Calculate l(q).
11
Let k be (-6)/(-10)*20/4. Let a(c) = -5*c - 3 + 4 + 1 - k. Give a(-1).
4
Let q be 17/51 - (-2 + (-46)/6). Let c(x) = -x**3 + 11*x**2 - 10*x - 3. Give c(q).
-3
Let s be 3/(15/20) - -2. Let b(r) = 1 + 6*r + r**3 - 4*r**2 - 2 - 3*r**2. Determine b(s).
-1
Let g(i) be the first derivative of -i**4/12 + 5*i**3/6 - 3*i**2/2 + i + 3. Let k(m) be the first derivative of g(m). Give k(5).
-3
Let n(i) be the first derivative of -i**4/4 - 5*i**3/3 + 3*i**2 + 5*i - 22. Calculate n(-6).
5
Let o = 16 + -4. Suppose 3*l = -3*r - o, 4*l - 1 = 5*r + 1. Let w be (-3)/6*l + -1. Let b(f) = f - 1. Give b(w).
-1
Let v(h) be the third derivative of -h**6/120 - h**5/10 - h**4/24 - 6*h**2. Calculate v(-6).
6
Let f = -7 + 9. Let a(w) be the first derivative of w**4/4 - 2*w**3/3 + 3*w**2/2 - 3*w - 1. What is a(f)?
3
Let g(l) = l**2 - 6*l + 5. Let s be g(5). Let c(p) = p. Give c(s).
0
Let j(z) = 7*z. Let y = -23 - -25. Determine j(y).
14
Let g(o) = 3*o + 2. Let c be 0*4/(-12) + -2. Give g(c).
-4
Let k(g) = -25*g - 11. Let z(h) = -17*h - 8. Let o(a) = 5*k(a) - 7*z(a). Calculate o(2).
-11
Let w(n) = 0*n - 5*n + 2 + n + 5*n. What is w(-3)?
-1
Let s(q) = 10